t of u?
0
Let g(z) = 2*z - 4. Let o be g(4). Let f(t) = 4*t - 2*t - o*t - 2 + 0*t. What is the units digit of f(-5)?
8
What is the hundreds digit of -246*((-1)/(-2))/(-1)?
1
Let o(x) = x - 2. Let b(q) = q**3 + q**2 - q + 2. Let k be b(-2). Let p be o(k). Let l = -1 - p. What is the units digit of l?
1
Suppose -2*h + 11*j - 16*j = -75, -2*j + 40 = h. What is the tens digit of h?
5
Let w(h) = h**2 + 4*h - 7. Suppose 3*z + 25 = -2*z. Let i be w(z). Let f(p) = p**3 + 3*p**2 + 3*p + 3. What is the units digit of f(i)?
1
Let v(m) = -75*m**3 - m**2 - 2*m - 1. What is the tens digit of v(-1)?
7
Suppose -15*z + 959 + 1576 = 0. What is the units digit of z?
9
Let v(f) = 3*f + 68. What is the tens digit of v(5)?
8
Suppose 5*t = -q - 1270, -2*t = -2*q + 429 + 79. What is the tens digit of 4/(-10) - t/10?
2
Let x(o) = 2*o**2 - 2*o - 4. Let s be x(3). Suppose -g = g - s. Suppose 3*u + 4*y = -3, 4*u + g*y - 6 = 2*y. What is the units digit of u?
3
Suppose 2 - 4 = -a. Suppose a*j - 12 = -2*j. What is the units digit of ((-6)/5)/(j/(-15))?
6
Let l(r) be the first derivative of -r**4/2 - r**2/2 - r - 3. Let w be l(-1). Let p = w + 2. What is the units digit of p?
4
Let l(h) be the first derivative of -h**2/2 + 12*h - 5. What is the tens digit of l(0)?
1
What is the tens digit of ((-21)/4)/((-36)/96)?
1
Let m be (-5 - -2)/(-1 + 0). Suppose q + 2*q = -5*i + m, 5*i = -2*q + 7. What is the units digit of i?
3
Let r(j) = 4*j**3. Let l be r(-1). Let w be (2/l)/(1/(-4)). Suppose -3*u - 52 = -5*n, -w*u - u = -4*n + 44. What is the units digit of n?
8
Suppose s + 3*s + 5*z = 139, -3*s - 3*z = -105. What is the units digit of s?
6
Let y(t) = t**3 - 7*t**2 - 3*t + 2. Let f be y(7). Let b = 28 + f. What is the units digit of b?
9
Suppose -1 = 5*d - 21. Suppose d*n - 15 = -3. Suppose -c + b = -2*b - 1, n*c - 17 = -5*b. What is the units digit of c?
4
Suppose 3*a + 127 = -r, a - 2*r = -3*r - 41. Let m = 75 + a. Suppose -4*j = 3*i + j - 48, -2*i + j + m = 0. What is the units digit of i?
6
Let v(k) = k**3 - 4*k**2 - 5*k. Let h be v(5). Suppose h*f - 4*f = -24. Suppose 5*r - 2*t - 17 = 6, 3*t + f = -2*r. What is the units digit of r?
3
Let u(m) = 11*m - 4. Let d be u(4). Suppose 4*i - d = -q, -3*i - i + q = -40. What is the units digit of i?
0
Suppose 2*m = 6*m - 16. Let c = m + 1. What is the units digit of (4/c)/(12/30)?
2
Suppose 0*o - 2*o = -3*x - 13, 5*o + 5*x = 45. Suppose 2*t = -4*b - 26, -b = 2*t + o - 0. What is the units digit of -2*(-9)/b*-1?
3
Let w(a) = -2*a - 1. Let x = -9 + 7. What is the units digit of w(x)?
3
Suppose 92 = 4*c + 4*d, -3*c + 55 + 38 = -5*d. Suppose -k + c = -8. What is the units digit of k?
4
Let t(x) = 9*x + 2. Let z be t(3). Suppose z = m + 7. What is the tens digit of m?
2
Suppose 3*x + 3*q = 3, 3 - 2 = 3*x + 5*q. Suppose x*g = 3*g. Suppose -10 = -4*l - 5*t + 2*t, g = 2*t + 4. What is the units digit of l?
4
Let l = 40 + -20. Suppose 5*r - 8 = -4*k + l, 4*r - 12 = 2*k. Suppose 0*p - r*p = -36. What is the units digit of p?
9
Suppose 3*m - 2*m + 2*b = 91, 0 = 2*m - 2*b - 152. What is the tens digit of m?
8
Let j = 16 + -11. Let w be 94/8 + 2/8. Suppose -w = 5*f + 3, -j*f - 55 = -4*m. What is the tens digit of m?
1
Suppose -4*m = 3*v - 109, -2*m + v = -41 - 6. Suppose -5*a + 31 - 11 = 0. Suppose -51 = -a*j + m. What is the tens digit of j?
1
Let t be (1 + 0 - -1) + -2. Suppose 0*w - w + 1 = t. What is the units digit of w?
1
Let j(k) = 2*k**2 + 3*k. Let a be j(-6). Let d be a/(-12)*2/(-3). Suppose w - 1 - d = 0. What is the units digit of w?
4
What is the units digit of (-667)/(-4) - 3/(-12)?
7
Let i(y) be the first derivative of y**3/3 + y**2/2 - y + 2. Suppose -2*m + 5 = 3. What is the units digit of i(m)?
1
Let b be (-9)/18 + 50/4. Suppose b*z - 56 = 8*z. What is the tens digit of z?
1
Suppose 2*s + 2*a = 54, -s = 5*a - 0*a - 35. What is the units digit of s?
5
Let w(v) = 8*v - 4. Let s be w(-4). Suppose -3*a + 0*a - 70 = -2*d, 0 = -5*a + 5*d - 115. Let c = a - s. What is the units digit of c?
2
Let r(h) = -2*h**3 - 17*h**2 + 14*h + 3. What is the hundreds digit of r(-10)?
1
Let j(y) = 4*y**3 + 2*y**2 - 1. Let x be j(1). Let k = 8 - x. What is the units digit of k?
3
Let f(t) = t**3 - 4*t**2 - 3*t - 5. Let s be f(5). Let q be (-9)/(-6) - 18/(-4). Let j = q - s. What is the units digit of j?
1
Suppose -2*a - a = -87. What is the units digit of a?
9
Let d(o) be the second derivative of -o**3/6 - 7*o**2/2 - 5*o. Suppose -5*q - 65 = 5*u, -q = 2*u + 4*q + 38. What is the units digit of d(u)?
2
Let a = -9 + 19. Suppose 2*t - 11 = 3*n, -2*t + a = -t + 3*n. What is the units digit of t?
7
Let z(x) = -6*x - 1. Let o be z(-1). Suppose -5*u - 2*a = -30, -5*u + 12 = o*a - 33. Suppose -u*q = q - 55. What is the tens digit of q?
1
Let k be (-10)/(-25) - (-13)/5. Let g(s) = 1. Let f(z) = -z - 1. Let v(x) = f(x) + 5*g(x). What is the units digit of v(k)?
1
Suppose 3*j + 210 = n, 3*j - 127 = -n + 101. What is the units digit of n?
9
Suppose 2*a + 10 = -0*a. Let o = -1 - a. Suppose -2*f - 5*i - 5 = -35, -3*f - o*i + 38 = 0. What is the units digit of f?
0
Let s = 11 - -14. What is the tens digit of s?
2
Let g(n) = n**3 - 2*n**2 - 3*n + 1. Suppose -x + 6 = x. What is the units digit of g(x)?
1
Let t = 14 - 23. What is the units digit of (9/(-6))/(t/12)?
2
Let o = -7 + 34. What is the tens digit of o?
2
Let z be (-2)/((-8)/42)*2. Suppose 0 = 3*t + d - 11, 2*d = 2*t - 3*d + z. What is the units digit of t?
2
Let h(b) = 5*b**3 + b**2 - 2*b + 1. Let o be h(1). Let y(c) = -c - 4. Let k(p) = 1. Let v(m) = -2*k(m) - y(m). What is the units digit of v(o)?
7
Suppose 0*k - 21 = -4*q - k, -5*q + 35 = 3*k. Let x(f) = -f**3 + 5*f**2 - 2*f + 2. What is the units digit of x(q)?
0
Suppose 50 = -u + 2*u - 4*g, 3*u - 2*g = 150. What is the tens digit of u?
5
Let k be (103 - -3)*(-4)/(-4). Suppose 0*t - k = -3*r - 5*t, 5*r + t = 206. What is the tens digit of r?
4
Suppose -29*n + 38*n - 1638 = 0. What is the tens digit of n?
8
Let u be 4/(-1 + -1) + 2. Let z be 3 + u*(-2)/4. Suppose -2*q + r = 3*r - 8, -5*q - z*r = -14. What is the units digit of q?
1
Suppose -5*j - 3*l + 0*l = -23, 9 = 2*j + l. Suppose t - j*t + 72 = 0. What is the tens digit of t?
2
Suppose -4*x = -5 - 11. Suppose -u - 5*c = -x*c - 29, 5*u + 4*c - 148 = 0. What is the tens digit of u?
3
Let t(i) be the third derivative of i**6/360 + i**5/60 - i**4/24 - i**3/6 - i**2. Let m(n) be the first derivative of t(n). What is the units digit of m(-4)?
7
Let h(g) = -g - 5. Let m be h(-8). Suppose 4*z - 5 = m. What is the units digit of z?
2
Suppose 15 = -2*j - 145. Let q = 121 + j. What is the tens digit of q?
4
Let u(c) = c - 10. Let m be u(8). What is the units digit of (-15)/12*(m + -2)?
5
Suppose 2*t + w - 4*w = 11, 2*t - 36 = -2*w. What is the units digit of t?
3
Suppose 4*c = 2*l + 70, -2*c = 3*l - 46 + 7. What is the units digit of -5 + 2 + c + 3?
8
Suppose 2*z + 6 = 0, -3*h + 3*z + 15 = -0*z. Suppose -h*x - 10 = -4*x. Suppose x*q + 4 = 3*j - 10, -5*j + q = -38. What is the units digit of j?
8
Suppose -15 = w - 5*x, -5*x + 2*x = 5*w - 37. Let m = w + -3. What is the units digit of m?
2
Suppose 0 = -2*n + 2 + 6. Suppose -c - 4*k = 18, 3*c + 2*k + 2 = -c. Suppose -p = n*a - 3*p - 22, 4*p = c*a + 4. What is the units digit of a?
8
Let x = -2 + -10. Let n be (-285)/x + 2/8. Suppose 2*k + n = 5*k. What is the units digit of k?
8
Let y(v) = v**2 + 8*v + 10. Let g be y(-7). Suppose -5*j = -4*k - 53 - 18, 4*k - 17 = -g*j. What is the units digit of j?
1
Let k be -4 + 2 + 1 - 10. Let w = -7 - k. What is the units digit of w?
4
Let y = 1 + 2. Suppose -7 - 2 = -y*s. Suppose -2*q + s*q + 2*c = -5, 3*q - 5*c = 40. What is the units digit of q?
5
Suppose 21*r - 22*r + 26 = 0. What is the units digit of r?
6
Let w = 32 + -4. What is the tens digit of w?
2
Let u(v) = 4*v + 5. Let y be u(13). Suppose -y = -2*l - l. What is the units digit of l?
9
Suppose -5*m - j = j + 3078, 3077 = -5*m - 3*j. Let c be m/(-3) + (-2)/6. What is the units digit of 2/6 - c/(-15)?
4
Let g be ((-30)/(-4))/((-2)/(-16)). Suppose 0 = -3*n + 6 + g. What is the units digit of n/5 - (-6)/(-15)?
4
Suppose 0 = 2*j - 5*s - 69, 0 = -3*j - 4*s + 18 + 51. What is the units digit of j?
7
Suppose -2*j + 366 - 116 = 0. What is the hundreds digit of j?
1
Let m be